{"id":6871,"date":"2012-08-17T15:36:23","date_gmt":"2012-08-17T15:36:23","guid":{"rendered":"https:\/\/www.carpinteria-aluminio.cat\/fabricacio-venda-i-instal%c2%b7lacio-de-mallorquines-venecianes-y-reixes-a-barcelona\/"},"modified":"2012-08-17T15:36:23","modified_gmt":"2012-08-17T15:36:23","slug":"fabricacio-venda-i-instal%c2%b7lacio-de-mallorquines-venecianes-y-reixes-a-barcelona","status":"publish","type":"page","link":"https:\/\/www.carpinteria-aluminio.cat\/ca\/cataleg-de-productes-de-metal%c2%b7listeria-dalumini-ponsico\/fabricacio-venda-i-instal%c2%b7lacio-de-mallorquines-venecianes-y-reixes-a-barcelona\/","title":{"rendered":"Fabricaci\u00f3, venda i instal\u00b7laci\u00f3 de Mallorquines, Venecianes y Reixes a Barcelona"},"content":{"rendered":"<div id=\"attachment_2537\" style=\"width: 896px\" class=\"wp-caption aligncenter\"><img loading=\"lazy\" decoding=\"async\" aria-describedby=\"caption-attachment-2537\" class=\" wp-image-2537 \" style=\"margin: 0px; border: 0px;\" title=\"Reixa veneciana d'acer lacat\" src=\"https:\/\/www.carpinteria-aluminio.cat\/wp-content\/uploads\/2012\/08\/LOGO-REJAS-4.jpg\" alt=\"Reixa veneciana d'acer lacat\" width=\"886\" height=\"330\" \/><p id=\"caption-attachment-2537\" class=\"wp-caption-text\">Reixa veneciana d&#8217;acer lacat<\/p><\/div>\n<div id=\"attachment_267\" style=\"width: 190px\" class=\"wp-caption alignright\"><a href=\"https:\/\/www.carpinteria-aluminio.cat\/wp-content\/uploads\/2012\/08\/Mallorquina-1.jpg\" target=\"_blank\"><img loading=\"lazy\" decoding=\"async\" aria-describedby=\"caption-attachment-267\" class=\" wp-image-267 \" title=\"Mallorquina d'alumini lama mobil lliscant\" src=\"https:\/\/www.carpinteria-aluminio.cat\/wp-content\/uploads\/2012\/08\/Mallorquina-1-150x150.jpg\" alt=\"Mallorquina d'alumini lama mobil lliscant\" width=\"180\" height=\"180\" \/><\/a><p id=\"caption-attachment-267\" class=\"wp-caption-text\">Mallorquina d&#8217;alumini lama mobil lliscant<\/p><\/div>\n<p>Com a complement a finestres d&#8217;alumini, fabriquem tamb\u00e9 Mallorquines d&#8217;alumini, cortines venecianes i reixes d&#8217;acer. La nostra gamma de productes:<\/p>\n<p style=\"text-align: justify;\"><strong>1. MALLORQUINES D&#8217;ALUMINI:<\/strong> Aquest producte \u00e9s utilitzat com a substitut de les persianes. Constru\u00eft \u00edntegrament amb alumini, proporciona una bona protecci\u00f3 contra la intemp\u00e8rie, ja sigui sol, pluja, vent, fred &#8230; Proporcionant una c\u00e0mera t\u00e8rmica entre la finestra i la mallorquina, s&#8217;aconsegueix reduir els contrastos de temperatura de l&#8217;interior de l&#8217;habitatge a l&#8217;exterior. Diversos models existents de mallorquines com: corredisses (foto lateral), practicables, llibre &#8230; No \u00e9s recomanable com seguretat f\u00edsica, a PONSICO SCP, recomanem per aquest cap millor reixes d&#8217;acer o persianes de seguretat <a href=\"https:\/\/www.carpinteria-aluminio.cat\/ca\/productos-carpinteria-aluminio-barcelona\/venta-persianas-barcelona\/\" target=\"_blank\">autoblocants<\/a>.<\/p>\n<p style=\"text-align: justify;\"><strong>\u00a0<\/strong><\/p>\n<p style=\"text-align: justify;\"><strong>2.\u00a0REIXES D&#8217;ACER:<\/strong> Reixes constru\u00efdes a mida amb acer galvanitzat o lacat al forn, diferents models a escollir, practicables, fixes, de ballesta, depenent de la seguretat, la funcionalitat o l&#8217;est\u00e8tica requerida, informeu-vos sense comprom\u00eds <a href=\"https:\/\/www.carpinteria-aluminio.cat\/ca\/contacto\/\" target=\"_blank\">contactant <\/a>amb nosaltres.<\/p>\n<div id=\"attachment_468\" style=\"width: 284px\" class=\"wp-caption alignleft\"><a style=\"font-size: 13px;\" href=\"https:\/\/www.carpinteria-aluminio.cat\/wp-content\/uploads\/2012\/12\/Rejas-fijas.jpg\" target=\"_blank\"><img loading=\"lazy\" decoding=\"async\" aria-describedby=\"caption-attachment-468\" class=\" wp-image-468  \" style=\"margin: 0px; border: 0px;\" title=\"Reixa fixa d'acer amb barrots massissos\" src=\"https:\/\/www.carpinteria-aluminio.cat\/wp-content\/uploads\/2012\/12\/Rejas-fijas-300x200.jpg\" alt=\"Reixa fixa d'acer amb barrots massissos\" width=\"274\" height=\"200\" \/><\/a><p id=\"caption-attachment-468\" class=\"wp-caption-text\">Reixa fixa d&#8217;acer amb barrots massissos<\/p><\/div>\n<div id=\"attachment_516\" style=\"width: 284px\" class=\"wp-caption alignleft\"><a href=\"https:\/\/www.carpinteria-aluminio.cat\/wp-content\/uploads\/2013\/01\/IMG_0085.jpg\" target=\"_blank\"><img loading=\"lazy\" decoding=\"async\" aria-describedby=\"caption-attachment-516\" class=\" wp-image-516  \" style=\"font-size: 13px; margin: 0px; border: 0px;\" title=\"Reixa fixa d'acer amb barrots buits\" src=\"https:\/\/www.carpinteria-aluminio.cat\/wp-content\/uploads\/2013\/01\/IMG_0085-300x200.jpg\" alt=\"Reixa fixa d'acer amb barrots buits\" width=\"274\" height=\"200\" \/><\/a><p id=\"caption-attachment-516\" class=\"wp-caption-text\">Reixa fixa d&#8217;acer amb barrots buits<\/p><\/div>\n<div id=\"attachment_469\" style=\"width: 284px\" class=\"wp-caption alignleft\"><a style=\"font-size: 13px;\" href=\"https:\/\/www.carpinteria-aluminio.cat\/wp-content\/uploads\/2012\/12\/Reja-de-ballesta.jpg\" target=\"_blank\"><img loading=\"lazy\" decoding=\"async\" aria-describedby=\"caption-attachment-469\" class=\" wp-image-469  \" style=\"margin: 0px; border: 0px;\" title=\"Reixa de ballesta d'acer i titani model premium\" src=\"https:\/\/www.carpinteria-aluminio.cat\/wp-content\/uploads\/2012\/12\/Reja-de-ballesta-300x200.jpg\" alt=\"Reixa de ballesta d'acer i titani model premium\" width=\"274\" height=\"200\" \/><\/a><p id=\"caption-attachment-469\" class=\"wp-caption-text\">Reixa de ballesta d&#8217;acer i titani model premium<\/p><\/div>\n","protected":false},"excerpt":{"rendered":"<p>Com a complement a finestres d&#8217;alumini, fabriquem tamb\u00e9 Mallorquines d&#8217;alumini, cortines venecianes i reixes d&#8217;acer. La nostra gamma de productes: 1. MALLORQUINES D&#8217;ALUMINI: Aquest producte \u00e9s<span class=\"excerpt-hellip\"> [\u2026]<\/span><\/p>\n","protected":false},"author":1,"featured_media":7675,"parent":6838,"menu_order":0,"comment_status":"closed","ping_status":"closed","template":"template-fullwidth.php","meta":{"_joinchat":[],"footnotes":""},"class_list":["post-6871","page","type-page","status-publish","has-post-thumbnail","hentry"],"aioseo_notices":[],"_links":{"self":[{"href":"https:\/\/www.carpinteria-aluminio.cat\/ca\/wp-json\/wp\/v2\/pages\/6871","targetHints":{"allow":["GET"]}}],"collection":[{"href":"https:\/\/www.carpinteria-aluminio.cat\/ca\/wp-json\/wp\/v2\/pages"}],"about":[{"href":"https:\/\/www.carpinteria-aluminio.cat\/ca\/wp-json\/wp\/v2\/types\/page"}],"author":[{"embeddable":true,"href":"https:\/\/www.carpinteria-aluminio.cat\/ca\/wp-json\/wp\/v2\/users\/1"}],"replies":[{"embeddable":true,"href":"https:\/\/www.carpinteria-aluminio.cat\/ca\/wp-json\/wp\/v2\/comments?post=6871"}],"version-history":[{"count":0,"href":"https:\/\/www.carpinteria-aluminio.cat\/ca\/wp-json\/wp\/v2\/pages\/6871\/revisions"}],"up":[{"embeddable":true,"href":"https:\/\/www.carpinteria-aluminio.cat\/ca\/wp-json\/wp\/v2\/pages\/6838"}],"wp:featuredmedia":[{"embeddable":true,"href":"https:\/\/www.carpinteria-aluminio.cat\/ca\/wp-json\/wp\/v2\/media\/7675"}],"wp:attachment":[{"href":"https:\/\/www.carpinteria-aluminio.cat\/ca\/wp-json\/wp\/v2\/media?parent=6871"}],"curies":[{"name":"wp","href":"https:\/\/api.w.org\/{rel}","templated":true}]}}

Fabricació, venda i instal·lació de Mallorquines, Venecianes y Reixes a Barcelona

<div id="attachment_2537" style="width: 896px" class="wp-caption aligncenter"><img loading="lazy" decoding="async" aria-describedby="caption-attachment-2537" class=" wp-image-2537 " style="margin: 0px; border: 0px;" title="Reixa veneciana d'acer lacat" src="https://www.carpinteria-aluminio.cat/wp-content/uploads/2012/08/LOGO-REJAS-4.jpg" alt="Reixa veneciana d'acer lacat" width="886" height="330" /><p id="caption-attachment-2537" class="wp-caption-text">Reixa veneciana d&#8217;acer lacat</p></div>
<div id="attachment_267" style="width: 190px" class="wp-caption alignright"><a href="https://www.carpinteria-aluminio.cat/wp-content/uploads/2012/08/Mallorquina-1.jpg" target="_blank"><img loading="lazy" decoding="async" aria-describedby="caption-attachment-267" class=" wp-image-267 " title="Mallorquina d'alumini lama mobil lliscant" src="https://www.carpinteria-aluminio.cat/wp-content/uploads/2012/08/Mallorquina-1-150x150.jpg" alt="Mallorquina d'alumini lama mobil lliscant" width="180" height="180" /></a><p id="caption-attachment-267" class="wp-caption-text">Mallorquina d&#8217;alumini lama mobil lliscant</p></div>
<p>Com a complement a finestres d&#8217;alumini, fabriquem també Mallorquines d&#8217;alumini, cortines venecianes i reixes d&#8217;acer. La nostra gamma de productes:</p>
<p style="text-align: justify;"><strong>1. MALLORQUINES D&#8217;ALUMINI:</strong> Aquest producte és utilitzat com a substitut de les persianes. Construït íntegrament amb alumini, proporciona una bona protecció contra la intempèrie, ja sigui sol, pluja, vent, fred &#8230; Proporcionant una càmera tèrmica entre la finestra i la mallorquina, s&#8217;aconsegueix reduir els contrastos de temperatura de l&#8217;interior de l&#8217;habitatge a l&#8217;exterior. Diversos models existents de mallorquines com: corredisses (foto lateral), practicables, llibre &#8230; No és recomanable com seguretat física, a PONSICO SCP, recomanem per aquest cap millor reixes d&#8217;acer o persianes de seguretat <a href="https://www.carpinteria-aluminio.cat/ca/productos-carpinteria-aluminio-barcelona/venta-persianas-barcelona/" target="_blank">autoblocants</a>.</p>
<p style="text-align: justify;"><strong> </strong></p>
<p style="text-align: justify;"><strong>2. REIXES D&#8217;ACER:</strong> Reixes construïdes a mida amb acer galvanitzat o lacat al forn, diferents models a escollir, practicables, fixes, de ballesta, depenent de la seguretat, la funcionalitat o l&#8217;estètica requerida, informeu-vos sense compromís <a href="https://www.carpinteria-aluminio.cat/ca/contacto/" target="_blank">contactant </a>amb nosaltres.</p>
<div id="attachment_468" style="width: 284px" class="wp-caption alignleft"><a style="font-size: 13px;" href="https://www.carpinteria-aluminio.cat/wp-content/uploads/2012/12/Rejas-fijas.jpg" target="_blank"><img loading="lazy" decoding="async" aria-describedby="caption-attachment-468" class=" wp-image-468  " style="margin: 0px; border: 0px;" title="Reixa fixa d'acer amb barrots massissos" src="https://www.carpinteria-aluminio.cat/wp-content/uploads/2012/12/Rejas-fijas-300x200.jpg" alt="Reixa fixa d'acer amb barrots massissos" width="274" height="200" /></a><p id="caption-attachment-468" class="wp-caption-text">Reixa fixa d&#8217;acer amb barrots massissos</p></div>
<div id="attachment_516" style="width: 284px" class="wp-caption alignleft"><a href="https://www.carpinteria-aluminio.cat/wp-content/uploads/2013/01/IMG_0085.jpg" target="_blank"><img loading="lazy" decoding="async" aria-describedby="caption-attachment-516" class=" wp-image-516  " style="font-size: 13px; margin: 0px; border: 0px;" title="Reixa fixa d'acer amb barrots buits" src="https://www.carpinteria-aluminio.cat/wp-content/uploads/2013/01/IMG_0085-300x200.jpg" alt="Reixa fixa d'acer amb barrots buits" width="274" height="200" /></a><p id="caption-attachment-516" class="wp-caption-text">Reixa fixa d&#8217;acer amb barrots buits</p></div>
<div id="attachment_469" style="width: 284px" class="wp-caption alignleft"><a style="font-size: 13px;" href="https://www.carpinteria-aluminio.cat/wp-content/uploads/2012/12/Reja-de-ballesta.jpg" target="_blank"><img loading="lazy" decoding="async" aria-describedby="caption-attachment-469" class=" wp-image-469  " style="margin: 0px; border: 0px;" title="Reixa de ballesta d'acer i titani model premium" src="https://www.carpinteria-aluminio.cat/wp-content/uploads/2012/12/Reja-de-ballesta-300x200.jpg" alt="Reixa de ballesta d'acer i titani model premium" width="274" height="200" /></a><p id="caption-attachment-469" class="wp-caption-text">Reixa de ballesta d&#8217;acer i titani model premium</p></div>

<p>Com a complement a finestres d&#8217;alumini, fabriquem també Mallorquines d&#8217;alumini, cortines venecianes i reixes d&#8217;acer. La nostra gamma de productes: 1. MALLORQUINES D&#8217;ALUMINI: Aquest producte és<span class="excerpt-hellip"> […]</span></p>
