{"id":6934,"date":"2013-01-15T17:21:32","date_gmt":"2013-01-15T16:21:32","guid":{"rendered":"https:\/\/www.carpinteria-aluminio.cat\/fabricacio-venda-i-instal%c2%b7lacio-de-mampares-de-bany-a-barcelona\/"},"modified":"2013-01-15T17:21:32","modified_gmt":"2013-01-15T16:21:32","slug":"fabricacio-venda-i-instal%c2%b7lacio-de-mampares-de-bany-a-barcelona","status":"publish","type":"page","link":"https:\/\/www.carpinteria-aluminio.cat\/ca\/cataleg-de-productes-de-metal%c2%b7listeria-dalumini-ponsico\/fabricacio-venda-i-instal%c2%b7lacio-de-mampares-de-bany-a-barcelona\/","title":{"rendered":"Fabricaci\u00f3, venda i instal\u00b7laci\u00f3 de mampares de bany a Barcelona"},"content":{"rendered":"<div id=\"attachment_424\" style=\"width: 284px\" class=\"wp-caption alignleft\"><a href=\"https:\/\/www.carpinteria-aluminio.cat\/wp-content\/uploads\/2012\/12\/DSC01258.jpg\" target=\"_blank\"><img loading=\"lazy\" decoding=\"async\" aria-describedby=\"caption-attachment-424\" class=\" wp-image-424\" style=\"margin: 0px; border: 0px;\" title=\"Mampara de dutxa amb vidre temperat mate \u00e0cid a Barcelona\" src=\"https:\/\/www.carpinteria-aluminio.cat\/wp-content\/uploads\/2012\/12\/DSC01258-300x225.jpg\" alt=\"Mampara de dutxa amb vidre temperat mate \u00e0cid a Barcelona\" width=\"274\" height=\"200\" \/><\/a><p id=\"caption-attachment-424\" class=\"wp-caption-text\">Mampara de dutxa amb vidre temperat mate \u00e0cid<\/p><\/div>\n<div id=\"attachment_253\" style=\"width: 284px\" class=\"wp-caption alignleft\"><a href=\"https:\/\/www.carpinteria-aluminio.cat\/wp-content\/uploads\/2012\/10\/Slides-9.jpg\" target=\"_blank\"><img loading=\"lazy\" decoding=\"async\" aria-describedby=\"caption-attachment-253\" class=\" wp-image-253 \" style=\"margin: 0px; border: 0px;\" title=\"Mampara de dutxa amb vidre temperat tractament antical\u00e7 a Barcelona\" src=\"https:\/\/www.carpinteria-aluminio.cat\/wp-content\/uploads\/2012\/10\/Slides-9-300x186.jpg\" alt=\"Mampara de dutxa amb vidre temperat tractament antical\u00e7 a Barcelona\" width=\"274\" height=\"200\" \/><\/a><p id=\"caption-attachment-253\" class=\"wp-caption-text\">Mampara de dutxa amb tractament antical\u00e7<\/p><\/div>\n<div id=\"attachment_240\" style=\"width: 284px\" class=\"wp-caption alignleft\"><a href=\"https:\/\/www.carpinteria-aluminio.cat\/wp-content\/uploads\/2012\/10\/Slides-2-e1357226322462.jpg\" target=\"_blank\"><img loading=\"lazy\" decoding=\"async\" aria-describedby=\"caption-attachment-240\" class=\" wp-image-240\" style=\"margin: 0px; border: 0px;\" title=\"Mampara de dutxa angular a Barcelona\" src=\"https:\/\/www.carpinteria-aluminio.cat\/wp-content\/uploads\/2012\/10\/Slides-2-e1357226322462.jpg\" alt=\"Mampara de dutxa angular a Barcelona\" width=\"274\" height=\"200\" \/><\/a><p id=\"caption-attachment-240\" class=\"wp-caption-text\">Mampara de dutxa angular<\/p><\/div>\n<p style=\"text-align: justify;\">A la fusteria d&#8217;alumini Ponsico s.c.p. disposem d&#8217;un extens cat\u00e0leg de mampares de bany i dutxa, tant a mida, adaptant-nos als banys amb major dificultat d&#8217;acc\u00e9s o disseny particular de cada client, com est\u00e0ndard, aconseguint aix\u00ed uns preus altament competitius al mercat. Treballem amb les millors marques actuals, tant en models de qualitat com a models m\u00e9s economics. Vidres serigrafiats, tractaments antical\u00e7, tots ells temperats o laminats oferint la seguretat que regeixen les normes europees. Informis sense cap comprom\u00eds tant dels models existents com del preu dels mateixos, els atendrem sense cap problema.<\/p>\n<p style=\"text-align: justify;\">Per a m\u00e9s informaci\u00f3 sobre models i acabats de mampares de bany i dutxa, visiti la p\u00e0gina web d&#8217;un dels fabricants de mampares est\u00e0ndar amb els que treballem actualment:<a href=\"http:\/\/www.profiltek.com\/\" target=\"_blank\"> PROFILTEK<\/a>, bona qualitat-preu, gran varietat de models i vidres serigrafiats a triar, nom\u00e9s fabriquen per a professionals, no fabrica per a particulars.<\/p>\n<p style=\"text-align: justify;\">Disposem tamb\u00e9 de models de fabricaci\u00f3 pr\u00f2pia a manera artesanal, amb total garantia i seguretat. Es tracta de mampares fabricades amb <a href=\"https:\/\/www.carpinteria-aluminio.cat\/ca\/productos-carpinteria-aluminio-barcelona\/venta-vidrios-barcelona\/\" target=\"_blank\">vidre <\/a>de diferents tipus i acabats, diferents sistemes: corredissos, abatibles o fixos, aix\u00ed com perfils en acer inoxidable o alumini amb tota la seva varietat <a href=\"https:\/\/www.carpinteria-aluminio.cat\/ca\/servicios\/acabados-carpinteria-aluminio-barcelona\/\" target=\"_blank\">d&#8217;acabats<\/a>. A continuaci\u00f3 li mostrem alguns treballs en mampares de bany fabricades i instal\u00b7lades per nosaltres:<\/p>\n<p style=\"text-align: center;\"><div class=\"wrap one\"><div class=\"column column_column one-fourth column-first\"><\/p>\n<div id=\"attachment_4643\" style=\"width: 190px\" class=\"wp-caption alignleft\"><a href=\"https:\/\/www.carpinteria-aluminio.cat\/ca\/mampara-de-ducha-de-fabricacion-propia-artesanal-a-medida-instalada-en-el-barrio-de-gracia-en-barcelona\/\" target=\"_blank\"><img loading=\"lazy\" decoding=\"async\" aria-describedby=\"caption-attachment-4643\" class=\" wp-image-4643  \" title=\"Mampara de dutxa entre dues parets\" src=\"https:\/\/www.carpinteria-aluminio.cat\/wp-content\/uploads\/2014\/01\/20131127_115912-150x150.jpg\" alt=\"Mampara de dutxa entre dues parets\" width=\"180\" height=\"180\" \/><\/a><p id=\"caption-attachment-4643\" class=\"wp-caption-text\">Mampara de dutxa entre dues parets<\/p><\/div>\n<p><\/div>\n<p style=\"text-align: center;\"><div class=\"column column_column one-fourth column-inner\"><\/p>\n<div id=\"attachment_1099\" style=\"width: 190px\" class=\"wp-caption alignleft\"><a href=\"https:\/\/www.carpinteria-aluminio.cat\/ca\/mampara-de-ducha-fija-vidrio-templado-10mm-y-perfiles-de-acero-inoxidable\/\" target=\"_blank\"><img loading=\"lazy\" decoding=\"async\" aria-describedby=\"caption-attachment-1099\" class=\" wp-image-1099   \" title=\"Mampara de dutxa amb vidre fix de 10 mm\" src=\"https:\/\/www.carpinteria-aluminio.cat\/wp-content\/uploads\/2013\/02\/20130201_102456_HDR_resized-150x150.jpg\" alt=\"Mampara de dutxa amb vidre fix de 10 mm\" width=\"180\" height=\"180\" \/><\/a><p id=\"caption-attachment-1099\" class=\"wp-caption-text\">Mampara de dutxa amb vidre fix de 10 mm<\/p><\/div>\n<p><\/div>\n","protected":false},"excerpt":{"rendered":"<p>A la fusteria d&#8217;alumini Ponsico s.c.p. disposem d&#8217;un extens cat\u00e0leg de mampares de bany i dutxa, tant a mida, adaptant-nos als banys amb major dificultat d&#8217;acc\u00e9s<span class=\"excerpt-hellip\"> [\u2026]<\/span><\/p>\n","protected":false},"author":3,"featured_media":0,"parent":6838,"menu_order":0,"comment_status":"closed","ping_status":"closed","template":"template-fullwidth.php","meta":{"_joinchat":[],"footnotes":""},"class_list":["post-6934","page","type-page","status-publish","hentry"],"aioseo_notices":[],"_links":{"self":[{"href":"https:\/\/www.carpinteria-aluminio.cat\/ca\/wp-json\/wp\/v2\/pages\/6934","targetHints":{"allow":["GET"]}}],"collection":[{"href":"https:\/\/www.carpinteria-aluminio.cat\/ca\/wp-json\/wp\/v2\/pages"}],"about":[{"href":"https:\/\/www.carpinteria-aluminio.cat\/ca\/wp-json\/wp\/v2\/types\/page"}],"author":[{"embeddable":true,"href":"https:\/\/www.carpinteria-aluminio.cat\/ca\/wp-json\/wp\/v2\/users\/3"}],"replies":[{"embeddable":true,"href":"https:\/\/www.carpinteria-aluminio.cat\/ca\/wp-json\/wp\/v2\/comments?post=6934"}],"version-history":[{"count":0,"href":"https:\/\/www.carpinteria-aluminio.cat\/ca\/wp-json\/wp\/v2\/pages\/6934\/revisions"}],"up":[{"embeddable":true,"href":"https:\/\/www.carpinteria-aluminio.cat\/ca\/wp-json\/wp\/v2\/pages\/6838"}],"wp:attachment":[{"href":"https:\/\/www.carpinteria-aluminio.cat\/ca\/wp-json\/wp\/v2\/media?parent=6934"}],"curies":[{"name":"wp","href":"https:\/\/api.w.org\/{rel}","templated":true}]}}

Fabricació, venda i instal·lació de mampares de bany a Barcelona

<div id="attachment_424" style="width: 284px" class="wp-caption alignleft"><a href="https://www.carpinteria-aluminio.cat/wp-content/uploads/2012/12/DSC01258.jpg" target="_blank"><img loading="lazy" decoding="async" aria-describedby="caption-attachment-424" class=" wp-image-424" style="margin: 0px; border: 0px;" title="Mampara de dutxa amb vidre temperat mate àcid a Barcelona" src="https://www.carpinteria-aluminio.cat/wp-content/uploads/2012/12/DSC01258-300x225.jpg" alt="Mampara de dutxa amb vidre temperat mate àcid a Barcelona" width="274" height="200" /></a><p id="caption-attachment-424" class="wp-caption-text">Mampara de dutxa amb vidre temperat mate àcid</p></div>
<div id="attachment_253" style="width: 284px" class="wp-caption alignleft"><a href="https://www.carpinteria-aluminio.cat/wp-content/uploads/2012/10/Slides-9.jpg" target="_blank"><img loading="lazy" decoding="async" aria-describedby="caption-attachment-253" class=" wp-image-253 " style="margin: 0px; border: 0px;" title="Mampara de dutxa amb vidre temperat tractament anticalç a Barcelona" src="https://www.carpinteria-aluminio.cat/wp-content/uploads/2012/10/Slides-9-300x186.jpg" alt="Mampara de dutxa amb vidre temperat tractament anticalç a Barcelona" width="274" height="200" /></a><p id="caption-attachment-253" class="wp-caption-text">Mampara de dutxa amb tractament anticalç</p></div>
<div id="attachment_240" style="width: 284px" class="wp-caption alignleft"><a href="https://www.carpinteria-aluminio.cat/wp-content/uploads/2012/10/Slides-2-e1357226322462.jpg" target="_blank"><img loading="lazy" decoding="async" aria-describedby="caption-attachment-240" class=" wp-image-240" style="margin: 0px; border: 0px;" title="Mampara de dutxa angular a Barcelona" src="https://www.carpinteria-aluminio.cat/wp-content/uploads/2012/10/Slides-2-e1357226322462.jpg" alt="Mampara de dutxa angular a Barcelona" width="274" height="200" /></a><p id="caption-attachment-240" class="wp-caption-text">Mampara de dutxa angular</p></div>
<p style="text-align: justify;">A la fusteria d&#8217;alumini Ponsico s.c.p. disposem d&#8217;un extens catàleg de mampares de bany i dutxa, tant a mida, adaptant-nos als banys amb major dificultat d&#8217;accés o disseny particular de cada client, com estàndard, aconseguint així uns preus altament competitius al mercat. Treballem amb les millors marques actuals, tant en models de qualitat com a models més economics. Vidres serigrafiats, tractaments anticalç, tots ells temperats o laminats oferint la seguretat que regeixen les normes europees. Informis sense cap compromís tant dels models existents com del preu dels mateixos, els atendrem sense cap problema.</p>
<p style="text-align: justify;">Per a més informació sobre models i acabats de mampares de bany i dutxa, visiti la pàgina web d&#8217;un dels fabricants de mampares estàndar amb els que treballem actualment:<a href="http://www.profiltek.com/" target="_blank"> PROFILTEK</a>, bona qualitat-preu, gran varietat de models i vidres serigrafiats a triar, només fabriquen per a professionals, no fabrica per a particulars.</p>
<p style="text-align: justify;">Disposem també de models de fabricació pròpia a manera artesanal, amb total garantia i seguretat. Es tracta de mampares fabricades amb <a href="https://www.carpinteria-aluminio.cat/ca/productos-carpinteria-aluminio-barcelona/venta-vidrios-barcelona/" target="_blank">vidre </a>de diferents tipus i acabats, diferents sistemes: corredissos, abatibles o fixos, així com perfils en acer inoxidable o alumini amb tota la seva varietat <a href="https://www.carpinteria-aluminio.cat/ca/servicios/acabados-carpinteria-aluminio-barcelona/" target="_blank">d&#8217;acabats</a>. A continuació li mostrem alguns treballs en mampares de bany fabricades i instal·lades per nosaltres:</p>
<p style="text-align: center;"><div class="wrap one"><div class="column column_column one-fourth column-first"></p>
<div id="attachment_4643" style="width: 190px" class="wp-caption alignleft"><a href="https://www.carpinteria-aluminio.cat/ca/mampara-de-ducha-de-fabricacion-propia-artesanal-a-medida-instalada-en-el-barrio-de-gracia-en-barcelona/" target="_blank"><img loading="lazy" decoding="async" aria-describedby="caption-attachment-4643" class=" wp-image-4643  " title="Mampara de dutxa entre dues parets" src="https://www.carpinteria-aluminio.cat/wp-content/uploads/2014/01/20131127_115912-150x150.jpg" alt="Mampara de dutxa entre dues parets" width="180" height="180" /></a><p id="caption-attachment-4643" class="wp-caption-text">Mampara de dutxa entre dues parets</p></div>
<p></div>
<p style="text-align: center;"><div class="column column_column one-fourth column-inner"></p>
<div id="attachment_1099" style="width: 190px" class="wp-caption alignleft"><a href="https://www.carpinteria-aluminio.cat/ca/mampara-de-ducha-fija-vidrio-templado-10mm-y-perfiles-de-acero-inoxidable/" target="_blank"><img loading="lazy" decoding="async" aria-describedby="caption-attachment-1099" class=" wp-image-1099   " title="Mampara de dutxa amb vidre fix de 10 mm" src="https://www.carpinteria-aluminio.cat/wp-content/uploads/2013/02/20130201_102456_HDR_resized-150x150.jpg" alt="Mampara de dutxa amb vidre fix de 10 mm" width="180" height="180" /></a><p id="caption-attachment-1099" class="wp-caption-text">Mampara de dutxa amb vidre fix de 10 mm</p></div>
<p></div>

<p>A la fusteria d&#8217;alumini Ponsico s.c.p. disposem d&#8217;un extens catàleg de mampares de bany i dutxa, tant a mida, adaptant-nos als banys amb major dificultat d&#8217;accés<span class="excerpt-hellip"> […]</span></p>
