{"id":6943,"date":"2013-03-09T14:08:28","date_gmt":"2013-03-09T13:08:28","guid":{"rendered":"https:\/\/www.carpinteria-aluminio.cat\/fabricacio-venda-i-instal%c2%b7lacio-de-baranes-dalumini-i-dacer-a-barcelona\/"},"modified":"2020-02-24T22:39:05","modified_gmt":"2020-02-24T21:39:05","slug":"fabricacio-venda-i-instal%c2%b7lacio-de-baranes-dalumini-i-dacer-a-barcelona","status":"publish","type":"page","link":"https:\/\/www.carpinteria-aluminio.cat\/ca\/cataleg-de-productes-de-metal%c2%b7listeria-dalumini-ponsico\/fabricacio-venda-i-instal%c2%b7lacio-de-baranes-dalumini-i-dacer-a-barcelona\/","title":{"rendered":"Fabricaci\u00f3, venda i instal\u00b7laci\u00f3 de baranes d&#8217;alumini i d&#8217;acer a Barcelona"},"content":{"rendered":"<div id=\"attachment_2106\" style=\"width: 896px\" class=\"wp-caption alignleft\"><a href=\"https:\/\/www.carpinteria-aluminio.cat\/wp-content\/uploads\/2012\/08\/IMG_2096_resized.jpg\" target=\"_blank\" rel=\"noopener noreferrer\"><img loading=\"lazy\" decoding=\"async\" aria-describedby=\"caption-attachment-2106\" class=\" wp-image-2106   \" style=\"border: 0px; margin: 0px;\" title=\"Baranes d'alumini i d'acer a Barcelona\" src=\"https:\/\/www.carpinteria-aluminio.cat\/wp-content\/uploads\/2012\/08\/IMG_2096_resized-1024x682.jpg\" alt=\"Baranes d'alumini i d'acer a Barcelona\" width=\"886\" height=\"465\"><\/a><p id=\"caption-attachment-2106\" class=\"wp-caption-text\">Baranes d&#8217;alumini i d&#8217;acer a Barcelona<\/p><\/div>\n<div id=\"attachment_2108\" style=\"width: 284px\" class=\"wp-caption alignleft\"><a href=\"https:\/\/www.carpinteria-aluminio.cat\/wp-content\/uploads\/2013\/03\/IMG_2097_resized.jpg\" target=\"_blank\" rel=\"noopener noreferrer\"><img loading=\"lazy\" decoding=\"async\" aria-describedby=\"caption-attachment-2108\" class=\" wp-image-2108 \" style=\"margin: 0px; border: 0px;\" title=\"Barana d'alumini lacat blanc\" src=\"https:\/\/www.carpinteria-aluminio.cat\/wp-content\/uploads\/2013\/03\/IMG_2097_resized-300x200.jpg\" alt=\"Barana d'alumini lacat blanc\" width=\"274\" height=\"200\"><\/a><p id=\"caption-attachment-2108\" class=\"wp-caption-text\">Barana d&#8217;alumini lacat blanc<\/p><\/div>\n<div id=\"attachment_1995\" style=\"width: 284px\" class=\"wp-caption alignleft\"><a href=\"https:\/\/www.carpinteria-aluminio.cat\/wp-content\/uploads\/2013\/03\/IMG_1920_resized.jpg\" target=\"_blank\" rel=\"noopener noreferrer\"><img loading=\"lazy\" decoding=\"async\" aria-describedby=\"caption-attachment-1995\" class=\" wp-image-1995 \" style=\"margin: 0px; border: 0px;\" title=\"Barana d'acer inoxidable amb vidre\" src=\"https:\/\/www.carpinteria-aluminio.cat\/wp-content\/uploads\/2013\/03\/IMG_1920_resized-300x200.jpg\" alt=\"Barana d'acer inoxidable amb vidre\" width=\"274\" height=\"200\"><\/a><p id=\"caption-attachment-1995\" class=\"wp-caption-text\">Barana d&#8217;acer inoxidable amb vidre<\/p><\/div>\n<div id=\"attachment_2109\" style=\"width: 284px\" class=\"wp-caption alignleft\"><a href=\"https:\/\/www.carpinteria-aluminio.cat\/wp-content\/uploads\/2013\/03\/IMG_2109_resized.jpg\" target=\"_blank\" rel=\"noopener noreferrer\"><img loading=\"lazy\" decoding=\"async\" aria-describedby=\"caption-attachment-2109\" class=\" wp-image-2109\" style=\"margin: 0px; border: 0px;\" title=\"Barana d'alumini lacat blanc\" src=\"https:\/\/www.carpinteria-aluminio.cat\/wp-content\/uploads\/2013\/03\/IMG_2109_resized-300x200.jpg\" alt=\"Barana d'alumini lacat blanc\" width=\"274\" height=\"200\"><\/a><p id=\"caption-attachment-2109\" class=\"wp-caption-text\">Barana d&#8217;alumini lacat blanc<\/p><\/div>\n<p style=\"text-align: justify;\">A PONSICO S.C.P. es fabriquen baranes d&#8217;alumini o d&#8217;acer inoxidable per a terrasses, patis o escales. Aquest tipus de baranes tenen un gran avantatge respecte a les baranes de ferro convencionals, i \u00e9s l&#8217;abs\u00e8ncia de manteniment. No suposen cap risc per a les fa\u00e7anes dels edificis, ja que les baranes de ferro convencionals amb el pas del temps s&#8217;oxida la fixaci\u00f3 d&#8217;aquestes a l&#8217;obra, provocant esquerdes i desperfectes a les fa\u00e7anes. L&#8217;ancoratge de les nostres baranes es duu a terme amb tac qu\u00edmic i esp\u00e0rrec d&#8217;acer inoxidable, de manera que evitem el problema anteriorment esmentat. Podem dotar una barana d&#8217;alumini, amb m\u00e9s o menys peanyes de subjecci\u00f3, segons la solidesa de l&#8217;estructura desitjada. Es solen fabricar baranes de barrots verticals, per\u00f2 en ser nosaltres fabricants, podem adaptar-nos al gust o exig\u00e8ncia de cada client, sempre que es compleixin les mesures de seguretat necess\u00e0ries, podent incorporar vidres o altres materials a aquesta estructura. Oblideu-vos de polir i pintar m\u00e9s baranes, manteniment que a la llarga surt car, comptant hores i material utilitzat. Consulti&#8217;ns sobre preus i acabats d&#8217;aquest producte, els atendrem sense comprom\u00eds.<\/p>\n","protected":false},"excerpt":{"rendered":"<p>A PONSICO S.C.P. es fabriquen baranes d&#8217;alumini o d&#8217;acer inoxidable per a terrasses, patis o escales. Aquest tipus de baranes tenen un gran avantatge respecte a<span class=\"excerpt-hellip\"> [\u2026]<\/span><\/p>\n","protected":false},"author":5,"featured_media":0,"parent":6838,"menu_order":0,"comment_status":"closed","ping_status":"open","template":"","meta":{"_joinchat":[],"footnotes":""},"class_list":["post-6943","page","type-page","status-publish","hentry"],"aioseo_notices":[],"_links":{"self":[{"href":"https:\/\/www.carpinteria-aluminio.cat\/ca\/wp-json\/wp\/v2\/pages\/6943","targetHints":{"allow":["GET"]}}],"collection":[{"href":"https:\/\/www.carpinteria-aluminio.cat\/ca\/wp-json\/wp\/v2\/pages"}],"about":[{"href":"https:\/\/www.carpinteria-aluminio.cat\/ca\/wp-json\/wp\/v2\/types\/page"}],"author":[{"embeddable":true,"href":"https:\/\/www.carpinteria-aluminio.cat\/ca\/wp-json\/wp\/v2\/users\/5"}],"replies":[{"embeddable":true,"href":"https:\/\/www.carpinteria-aluminio.cat\/ca\/wp-json\/wp\/v2\/comments?post=6943"}],"version-history":[{"count":1,"href":"https:\/\/www.carpinteria-aluminio.cat\/ca\/wp-json\/wp\/v2\/pages\/6943\/revisions"}],"predecessor-version":[{"id":16275,"href":"https:\/\/www.carpinteria-aluminio.cat\/ca\/wp-json\/wp\/v2\/pages\/6943\/revisions\/16275"}],"up":[{"embeddable":true,"href":"https:\/\/www.carpinteria-aluminio.cat\/ca\/wp-json\/wp\/v2\/pages\/6838"}],"wp:attachment":[{"href":"https:\/\/www.carpinteria-aluminio.cat\/ca\/wp-json\/wp\/v2\/media?parent=6943"}],"curies":[{"name":"wp","href":"https:\/\/api.w.org\/{rel}","templated":true}]}}

Fabricació, venda i instal·lació de baranes d&#8217;alumini i d&#8217;acer a Barcelona

<div id="attachment_2106" style="width: 896px" class="wp-caption alignleft"><a href="https://www.carpinteria-aluminio.cat/wp-content/uploads/2012/08/IMG_2096_resized.jpg" target="_blank" rel="noopener noreferrer"><img loading="lazy" decoding="async" aria-describedby="caption-attachment-2106" class=" wp-image-2106   " style="border: 0px; margin: 0px;" title="Baranes d'alumini i d'acer a Barcelona" src="https://www.carpinteria-aluminio.cat/wp-content/uploads/2012/08/IMG_2096_resized-1024x682.jpg" alt="Baranes d'alumini i d'acer a Barcelona" width="886" height="465"></a><p id="caption-attachment-2106" class="wp-caption-text">Baranes d&#8217;alumini i d&#8217;acer a Barcelona</p></div>
<div id="attachment_2108" style="width: 284px" class="wp-caption alignleft"><a href="https://www.carpinteria-aluminio.cat/wp-content/uploads/2013/03/IMG_2097_resized.jpg" target="_blank" rel="noopener noreferrer"><img loading="lazy" decoding="async" aria-describedby="caption-attachment-2108" class=" wp-image-2108 " style="margin: 0px; border: 0px;" title="Barana d'alumini lacat blanc" src="https://www.carpinteria-aluminio.cat/wp-content/uploads/2013/03/IMG_2097_resized-300x200.jpg" alt="Barana d'alumini lacat blanc" width="274" height="200"></a><p id="caption-attachment-2108" class="wp-caption-text">Barana d&#8217;alumini lacat blanc</p></div>
<div id="attachment_1995" style="width: 284px" class="wp-caption alignleft"><a href="https://www.carpinteria-aluminio.cat/wp-content/uploads/2013/03/IMG_1920_resized.jpg" target="_blank" rel="noopener noreferrer"><img loading="lazy" decoding="async" aria-describedby="caption-attachment-1995" class=" wp-image-1995 " style="margin: 0px; border: 0px;" title="Barana d'acer inoxidable amb vidre" src="https://www.carpinteria-aluminio.cat/wp-content/uploads/2013/03/IMG_1920_resized-300x200.jpg" alt="Barana d'acer inoxidable amb vidre" width="274" height="200"></a><p id="caption-attachment-1995" class="wp-caption-text">Barana d&#8217;acer inoxidable amb vidre</p></div>
<div id="attachment_2109" style="width: 284px" class="wp-caption alignleft"><a href="https://www.carpinteria-aluminio.cat/wp-content/uploads/2013/03/IMG_2109_resized.jpg" target="_blank" rel="noopener noreferrer"><img loading="lazy" decoding="async" aria-describedby="caption-attachment-2109" class=" wp-image-2109" style="margin: 0px; border: 0px;" title="Barana d'alumini lacat blanc" src="https://www.carpinteria-aluminio.cat/wp-content/uploads/2013/03/IMG_2109_resized-300x200.jpg" alt="Barana d'alumini lacat blanc" width="274" height="200"></a><p id="caption-attachment-2109" class="wp-caption-text">Barana d&#8217;alumini lacat blanc</p></div>
<p style="text-align: justify;">A PONSICO S.C.P. es fabriquen baranes d&#8217;alumini o d&#8217;acer inoxidable per a terrasses, patis o escales. Aquest tipus de baranes tenen un gran avantatge respecte a les baranes de ferro convencionals, i és l&#8217;absència de manteniment. No suposen cap risc per a les façanes dels edificis, ja que les baranes de ferro convencionals amb el pas del temps s&#8217;oxida la fixació d&#8217;aquestes a l&#8217;obra, provocant esquerdes i desperfectes a les façanes. L&#8217;ancoratge de les nostres baranes es duu a terme amb tac químic i espàrrec d&#8217;acer inoxidable, de manera que evitem el problema anteriorment esmentat. Podem dotar una barana d&#8217;alumini, amb més o menys peanyes de subjecció, segons la solidesa de l&#8217;estructura desitjada. Es solen fabricar baranes de barrots verticals, però en ser nosaltres fabricants, podem adaptar-nos al gust o exigència de cada client, sempre que es compleixin les mesures de seguretat necessàries, podent incorporar vidres o altres materials a aquesta estructura. Oblideu-vos de polir i pintar més baranes, manteniment que a la llarga surt car, comptant hores i material utilitzat. Consulti&#8217;ns sobre preus i acabats d&#8217;aquest producte, els atendrem sense compromís.</p>
