{"id":52134,"date":"2024-06-05T11:41:54","date_gmt":"2024-06-05T10:41:54","guid":{"rendered":"https:\/\/www.carpinteria-aluminio.cat\/?page_id=52134"},"modified":"2024-06-05T11:46:25","modified_gmt":"2024-06-05T10:46:25","slug":"parois-de-douche","status":"publish","type":"page","link":"https:\/\/www.carpinteria-aluminio.cat\/fr\/catalogue-de-produits-de-menuiserie-en-aluminium-ponsico\/parois-de-douche\/","title":{"rendered":"Fabrication, vente et installation de parois de salle de bain \u00e0 Barcelone"},"content":{"rendered":"<div id=\"attachment_424\" style=\"width: 284px\" class=\"wp-caption alignleft\"><a href=\"https:\/\/www.carpinteria-aluminio.cat\/wp-content\/uploads\/2012\/12\/DSC01258.jpg\" target=\"_blank\" rel=\"noopener\"><img loading=\"lazy\" decoding=\"async\" aria-describedby=\"caption-attachment-424\" class=\" wp-image-424\" style=\"margin: 0px; border: 0px;\" title=\"Cabine de douche avec verre tremp\u00e9 mat acide \u00e0 Barcelone\" src=\"https:\/\/www.carpinteria-aluminio.cat\/wp-content\/uploads\/2012\/12\/DSC01258-300x225.jpg\" alt=\"Multiples mod\u00e8les de cabines de douche sur mesure \u00e0 Barcelone\" width=\"274\" height=\"200\" \/><\/a><p id=\"caption-attachment-424\" class=\"wp-caption-text\">Multiples mod\u00e8les de cabines de douche sur mesure<\/p><\/div>\n<div id=\"attachment_253\" style=\"width: 284px\" class=\"wp-caption alignleft\"><a href=\"https:\/\/www.carpinteria-aluminio.cat\/wp-content\/uploads\/2012\/10\/Slides-9.jpg\" target=\"_blank\" rel=\"noopener\"><img loading=\"lazy\" decoding=\"async\" aria-describedby=\"caption-attachment-253\" class=\" wp-image-253 \" style=\"margin: 0px; border: 0px;\" title=\"Cabine de douche avec traitement antical en verre tremp\u00e9 \u00e0 Barcelone\" src=\"https:\/\/www.carpinteria-aluminio.cat\/wp-content\/uploads\/2012\/10\/Slides-9-300x186.jpg\" alt=\"Cabine de douche avec traitement antical en verre tremp\u00e9 \u00e0 Barcelone\" width=\"274\" height=\"200\" \/><\/a><p id=\"caption-attachment-253\" class=\"wp-caption-text\">Cabine de douche avec traitement antical<\/p><\/div>\n<div id=\"attachment_240\" style=\"width: 284px\" class=\"wp-caption alignleft\"><a href=\"https:\/\/www.carpinteria-aluminio.cat\/wp-content\/uploads\/2012\/10\/Slides-2-e1357226322462.jpg\" target=\"_blank\" rel=\"noopener\"><img loading=\"lazy\" decoding=\"async\" aria-describedby=\"caption-attachment-240\" class=\" wp-image-240\" style=\"margin: 0px; border: 0px;\" title=\"Cabine de douche d'angle \u00e0 Barcelone\" src=\"https:\/\/www.carpinteria-aluminio.cat\/wp-content\/uploads\/2012\/10\/Slides-2-e1357226322462.jpg\" alt=\"Cabine de douche d'angle \u00e0 Barcelone\" width=\"274\" height=\"200\" \/><\/a><p id=\"caption-attachment-240\" class=\"wp-caption-text\">Cabine de douche d&rsquo;angle<\/p><\/div>\n<p style=\"text-align: justify;\">Dans la menuiserie aluminium Ponsico s.c.p., nous disposons d&rsquo;un vaste catalogue de cabines de douche et de baignoire, \u00e0 la fois sur mesure, en nous adaptant aux salles de bains les plus difficiles d&rsquo;acc\u00e8s ou au design particulier de chaque client, ainsi que des mod\u00e8les standard, offrant ainsi des prix tr\u00e8s comp\u00e9titifs sur le march\u00e9. Nous travaillons avec les meilleures marques actuelles, tant dans les mod\u00e8les de qualit\u00e9 que dans les mod\u00e8les plus \u00e9conomiques. Verres s\u00e9rigraphi\u00e9s, traitements anti-calcaire, tous tremp\u00e9s ou lamin\u00e9s offrant la s\u00e9curit\u00e9 conforme aux normes europ\u00e9ennes. Renseignez-vous sans aucun engagement sur les mod\u00e8les disponibles et leurs prix, nous vous assisterons sans aucun probl\u00e8me.<\/p>\n<p style=\"text-align: justify;\">Pour plus d&rsquo;informations sur les mod\u00e8les et les finitions de cabines de douche et de baignoire, visitez le site Web de l&rsquo;un des fabricants de cabines standard avec lesquels nous travaillons actuellement : <a href=\"http:\/\/www.profiltek.com\/\" target=\"_blank\" rel=\"noopener\">PROFILTEK<\/a>, bon rapport qualit\u00e9-prix, grande vari\u00e9t\u00e9 de mod\u00e8les et de verres s\u00e9rigraphi\u00e9s au choix, ils ne fabriquent que pour les professionnels, pas pour les particuliers.<\/p>\n<p style=\"text-align: justify;\">Nous disposons \u00e9galement de mod\u00e8les de fabrication artisanale, avec une garantie totale et une s\u00e9curit\u00e9. Il s&rsquo;agit de cabines fabriqu\u00e9es avec du <a href=\"https:\/\/www.carpinteria-aluminio.cat\/productos-carpinteria-aluminio-barcelona\/venta-vidrios-barcelona\/\" target=\"_blank\" rel=\"noopener\">verre<\/a> de diff\u00e9rents types et finitions, diff\u00e9rents syst\u00e8mes : coulissants, battants ou fixes, ainsi que des profil\u00e9s en acier inoxydable ou en aluminium avec toute leur vari\u00e9t\u00e9 de <a href=\"https:\/\/www.carpinteria-aluminio.cat\/servicios\/acabados-carpinteria-aluminio-barcelona\/\" target=\"_blank\" rel=\"noopener\">finitions<\/a>. Ci-dessous, nous vous montrons quelques travaux de cabines de douche fabriqu\u00e9es et install\u00e9es par nos soins :<\/p>\n<p style=\"text-align: center;\"><div class=\"wrap one\"><div class=\"column column_column one-fourth column-first\"><\/p>\n<div id=\"attachment_4643\" style=\"width: 190px\" class=\"wp-caption alignleft\"><a href=\"https:\/\/www.carpinteria-aluminio.cat\/mampara-de-ducha-de-fabricacion-propia-artesanal-a-medida-instalada-en-el-barrio-de-gracia-en-barcelona\/\" target=\"_blank\" rel=\"noopener\"><img loading=\"lazy\" decoding=\"async\" aria-describedby=\"caption-attachment-4643\" class=\" wp-image-4643 \" title=\"Cabine de douche entre deux murs\" src=\"https:\/\/www.carpinteria-aluminio.cat\/wp-content\/uploads\/2014\/01\/20131127_115912-150x150.jpg\" alt=\"Cabine de douche entre deux murs\" width=\"180\" height=\"180\" \/><\/a><p id=\"caption-attachment-4643\" class=\"wp-caption-text\">Cabine de douche entre deux murs<\/p><\/div>\n<p><\/div>\n<p style=\"text-align: center;\"><div class=\"column column_column one-fourth column-inner\"><\/p>\n<div id=\"attachment_1099\" style=\"width: 190px\" class=\"wp-caption alignleft\"><a href=\"https:\/\/www.carpinteria-aluminio.cat\/mampara-de-ducha-fija-vidrio-templado-10mm-y-perfiles-de-acero-inoxidable\/\" target=\"_blank\" rel=\"noopener\"><img loading=\"lazy\" decoding=\"async\" aria-describedby=\"caption-attachment-1099\" class=\" wp-image-1099  \" title=\"Cabine de douche avec verre fixe de 10 mm\" src=\"https:\/\/www.carpinteria-aluminio.cat\/wp-content\/uploads\/2013\/02\/20130201_102456_HDR_resized-150x150.jpg\" alt=\"Cabine de douche avec verre fixe de 10 mm\" width=\"180\" height=\"180\" \/><\/a><p id=\"caption-attachment-1099\" class=\"wp-caption-text\">Cabine de douche avec verre fixe de 10 mm<\/p><\/div>\n<p><\/div>\n<p><!--more--><\/p>\n","protected":false},"excerpt":{"rendered":"<p>Dans la menuiserie aluminium Ponsico s.c.p., nous disposons d&rsquo;un vaste catalogue de cabines de douche et de baignoire, \u00e0 la fois sur mesure, en nous adaptant<span class=\"excerpt-hellip\"> [\u2026]<\/span><\/p>\n","protected":false},"author":7,"featured_media":0,"parent":52003,"menu_order":0,"comment_status":"closed","ping_status":"closed","template":"template-fullwidth.php","meta":{"_joinchat":[],"footnotes":""},"class_list":["post-52134","page","type-page","status-publish","hentry"],"aioseo_notices":[],"_links":{"self":[{"href":"https:\/\/www.carpinteria-aluminio.cat\/fr\/wp-json\/wp\/v2\/pages\/52134","targetHints":{"allow":["GET"]}}],"collection":[{"href":"https:\/\/www.carpinteria-aluminio.cat\/fr\/wp-json\/wp\/v2\/pages"}],"about":[{"href":"https:\/\/www.carpinteria-aluminio.cat\/fr\/wp-json\/wp\/v2\/types\/page"}],"author":[{"embeddable":true,"href":"https:\/\/www.carpinteria-aluminio.cat\/fr\/wp-json\/wp\/v2\/users\/7"}],"replies":[{"embeddable":true,"href":"https:\/\/www.carpinteria-aluminio.cat\/fr\/wp-json\/wp\/v2\/comments?post=52134"}],"version-history":[{"count":3,"href":"https:\/\/www.carpinteria-aluminio.cat\/fr\/wp-json\/wp\/v2\/pages\/52134\/revisions"}],"predecessor-version":[{"id":52138,"href":"https:\/\/www.carpinteria-aluminio.cat\/fr\/wp-json\/wp\/v2\/pages\/52134\/revisions\/52138"}],"up":[{"embeddable":true,"href":"https:\/\/www.carpinteria-aluminio.cat\/fr\/wp-json\/wp\/v2\/pages\/52003"}],"wp:attachment":[{"href":"https:\/\/www.carpinteria-aluminio.cat\/fr\/wp-json\/wp\/v2\/media?parent=52134"}],"curies":[{"name":"wp","href":"https:\/\/api.w.org\/{rel}","templated":true}]}}

Fabrication, vente et installation de parois de salle de bain à Barcelone

<div id="attachment_424" style="width: 284px" class="wp-caption alignleft"><a href="https://www.carpinteria-aluminio.cat/wp-content/uploads/2012/12/DSC01258.jpg" target="_blank" rel="noopener"><img loading="lazy" decoding="async" aria-describedby="caption-attachment-424" class=" wp-image-424" style="margin: 0px; border: 0px;" title="Cabine de douche avec verre trempé mat acide à Barcelone" src="https://www.carpinteria-aluminio.cat/wp-content/uploads/2012/12/DSC01258-300x225.jpg" alt="Multiples modèles de cabines de douche sur mesure à Barcelone" width="274" height="200" /></a><p id="caption-attachment-424" class="wp-caption-text">Multiples modèles de cabines de douche sur mesure</p></div>
<div id="attachment_253" style="width: 284px" class="wp-caption alignleft"><a href="https://www.carpinteria-aluminio.cat/wp-content/uploads/2012/10/Slides-9.jpg" target="_blank" rel="noopener"><img loading="lazy" decoding="async" aria-describedby="caption-attachment-253" class=" wp-image-253 " style="margin: 0px; border: 0px;" title="Cabine de douche avec traitement antical en verre trempé à Barcelone" src="https://www.carpinteria-aluminio.cat/wp-content/uploads/2012/10/Slides-9-300x186.jpg" alt="Cabine de douche avec traitement antical en verre trempé à Barcelone" width="274" height="200" /></a><p id="caption-attachment-253" class="wp-caption-text">Cabine de douche avec traitement antical</p></div>
<div id="attachment_240" style="width: 284px" class="wp-caption alignleft"><a href="https://www.carpinteria-aluminio.cat/wp-content/uploads/2012/10/Slides-2-e1357226322462.jpg" target="_blank" rel="noopener"><img loading="lazy" decoding="async" aria-describedby="caption-attachment-240" class=" wp-image-240" style="margin: 0px; border: 0px;" title="Cabine de douche d'angle à Barcelone" src="https://www.carpinteria-aluminio.cat/wp-content/uploads/2012/10/Slides-2-e1357226322462.jpg" alt="Cabine de douche d'angle à Barcelone" width="274" height="200" /></a><p id="caption-attachment-240" class="wp-caption-text">Cabine de douche d&rsquo;angle</p></div>
<p style="text-align: justify;">Dans la menuiserie aluminium Ponsico s.c.p., nous disposons d&rsquo;un vaste catalogue de cabines de douche et de baignoire, à la fois sur mesure, en nous adaptant aux salles de bains les plus difficiles d&rsquo;accès ou au design particulier de chaque client, ainsi que des modèles standard, offrant ainsi des prix très compétitifs sur le marché. Nous travaillons avec les meilleures marques actuelles, tant dans les modèles de qualité que dans les modèles plus économiques. Verres sérigraphiés, traitements anti-calcaire, tous trempés ou laminés offrant la sécurité conforme aux normes européennes. Renseignez-vous sans aucun engagement sur les modèles disponibles et leurs prix, nous vous assisterons sans aucun problème.</p>
<p style="text-align: justify;">Pour plus d&rsquo;informations sur les modèles et les finitions de cabines de douche et de baignoire, visitez le site Web de l&rsquo;un des fabricants de cabines standard avec lesquels nous travaillons actuellement : <a href="http://www.profiltek.com/" target="_blank" rel="noopener">PROFILTEK</a>, bon rapport qualité-prix, grande variété de modèles et de verres sérigraphiés au choix, ils ne fabriquent que pour les professionnels, pas pour les particuliers.</p>
<p style="text-align: justify;">Nous disposons également de modèles de fabrication artisanale, avec une garantie totale et une sécurité. Il s&rsquo;agit de cabines fabriquées avec du <a href="https://www.carpinteria-aluminio.cat/productos-carpinteria-aluminio-barcelona/venta-vidrios-barcelona/" target="_blank" rel="noopener">verre</a> de différents types et finitions, différents systèmes : coulissants, battants ou fixes, ainsi que des profilés en acier inoxydable ou en aluminium avec toute leur variété de <a href="https://www.carpinteria-aluminio.cat/servicios/acabados-carpinteria-aluminio-barcelona/" target="_blank" rel="noopener">finitions</a>. Ci-dessous, nous vous montrons quelques travaux de cabines de douche fabriquées et installées par nos soins :</p>
<p style="text-align: center;"><div class="wrap one"><div class="column column_column one-fourth column-first"></p>
<div id="attachment_4643" style="width: 190px" class="wp-caption alignleft"><a href="https://www.carpinteria-aluminio.cat/mampara-de-ducha-de-fabricacion-propia-artesanal-a-medida-instalada-en-el-barrio-de-gracia-en-barcelona/" target="_blank" rel="noopener"><img loading="lazy" decoding="async" aria-describedby="caption-attachment-4643" class=" wp-image-4643 " title="Cabine de douche entre deux murs" src="https://www.carpinteria-aluminio.cat/wp-content/uploads/2014/01/20131127_115912-150x150.jpg" alt="Cabine de douche entre deux murs" width="180" height="180" /></a><p id="caption-attachment-4643" class="wp-caption-text">Cabine de douche entre deux murs</p></div>
<p></div>
<p style="text-align: center;"><div class="column column_column one-fourth column-inner"></p>
<div id="attachment_1099" style="width: 190px" class="wp-caption alignleft"><a href="https://www.carpinteria-aluminio.cat/mampara-de-ducha-fija-vidrio-templado-10mm-y-perfiles-de-acero-inoxidable/" target="_blank" rel="noopener"><img loading="lazy" decoding="async" aria-describedby="caption-attachment-1099" class=" wp-image-1099  " title="Cabine de douche avec verre fixe de 10 mm" src="https://www.carpinteria-aluminio.cat/wp-content/uploads/2013/02/20130201_102456_HDR_resized-150x150.jpg" alt="Cabine de douche avec verre fixe de 10 mm" width="180" height="180" /></a><p id="caption-attachment-1099" class="wp-caption-text">Cabine de douche avec verre fixe de 10 mm</p></div>
<p></div>
<p><!--more--></p>

<p>Dans la menuiserie aluminium Ponsico s.c.p., nous disposons d&rsquo;un vaste catalogue de cabines de douche et de baignoire, à la fois sur mesure, en nous adaptant<span class="excerpt-hellip"> […]</span></p>
